 393 is divided by 79.
77
What is the remainder when 1548 is divided by 47?
44
What is the remainder when 244 is divided by 41?
39
What is the remainder when 812 is divided by 16?
12
What is the remainder when 770 is divided by 37?
30
What is the remainder when 1516 is divided by 303?
1
Calculate the remainder when 437 is divided by 44.
41
Calculate the remainder when 407 is divided by 71.
52
What is the remainder when 2619 is divided by 114?
111
Calculate the remainder when 1550 is divided by 104.
94
Calculate the remainder when 1169 is divided by 253.
157
What is the remainder when 1853 is divided by 116?
113
What is the remainder when 149 is divided by 5?
4
What is the remainder when 207 is divided by 35?
32
What is the remainder when 572 is divided by 72?
68
What is the remainder when 507 is divided by 160?
27
Calculate the remainder when 1504 is divided by 11.
8
What is the remainder when 516 is divided by 25?
16
Calculate the remainder when 4744 is divided by 14.
12
What is the remainder when 2978 is divided by 20?
18
What is the remainder when 458 is divided by 22?
18
Calculate the remainder when 789 is divided by 187.
41
What is the remainder when 137 is divided by 55?
27
Calculate the remainder when 1893 is divided by 191.
174
Calculate the remainder when 8336 is divided by 2775.
11
What is the remainder when 11073 is divided by 52?
49
Calculate the remainder when 2263 is divided by 30.
13
Calculate the remainder when 25 is divided by 9.
7
What is the remainder when 17 is divided by 5?
2
What is the remainder when 80 is divided by 41?
39
Calculate the remainder when 622 is divided by 25.
22
Calculate the remainder when 1997 is divided by 127.
92
Calculate the remainder when 2195 is divided by 33.
17
Calculate the remainder when 180 is divided by 64.
52
What is the remainder when 599 is divided by 145?
19
What is the remainder when 149 is divided by 47?
8
What is the remainder when 189 is divided by 12?
9
Calculate the remainder when 1210 is divided by 3.
1
Calculate the remainder when 194 is divided by 16.
2
What is the remainder when 656 is divided by 33?
29
What is the remainder when 479 is divided by 16?
15
What is the remainder when 90 is divided by 23?
21
What is the remainder when 2047 is divided by 108?
103
What is the remainder when 321 is divided by 149?
23
Calculate the remainder when 117 is divided by 15.
12
Calculate the remainder when 35 is divided by 9.
8
Calculate the remainder when 272 is divided by 40.
32
Calculate the remainder when 721 is divided by 121.
116
Calculate the remainder when 2453 is divided by 63.
59
What is the remainder when 595 is divided by 75?
70
What is the remainder when 685 is divided by 98?
97
What is the remainder when 38 is divided by 30?
8
What is the remainder when 217 is divided by 72?
1
What is the remainder when 91 is divided by 4?
3
What is the remainder when 40 is divided by 6?
4
Calculate the remainder when 54 is divided by 8.
6
Calculate the remainder when 318 is divided by 31.
8
Calculate the remainder when 500 is divided by 8.
4
What is the remainder when 58 is divided by 27?
4
Calculate the remainder when 158 is divided by 107.
51
Calculate the remainder when 1099 is divided by 22.
21
Calculate the remainder when 232 is divided by 73.
13
What is the remainder when 3235 is divided by 36?
31
What is the remainder when 13 is divided by 7?
6
What is the remainder when 308 is divided by 35?
28
What is the remainder when 262 is divided by 11?
9
What is the remainder when 526 is divided by 253?
20
What is the remainder when 68 is divided by 24?
20
Calculate the remainder when 135 is divided by 21.
9
Calculate the remainder when 387 is divided by 10.
7
What is the remainder when 480 is divided by 23?
20
Calculate the remainder when 4054 is divided by 5.
4
Calculate the remainder when 133 is divided by 20.
13
What is the remainder when 3307 is divided by 40?
27
What is the remainder when 82 is divided by 42?
40
Calculate the remainder when 77 is divided by 9.
5
What is the remainder when 36 is divided by 3?
0
What is the remainder when 17 is divided by 14?
3
What is the remainder when 3587 is divided by 299?
298
Calculate the remainder when 2298 is divided by 25.
23
Calculate the remainder when 78 is divided by 26.
0
Calculate the remainder when 1509 is divided by 136.
13
Calculate the remainder when 2116 is divided by 3.
1
What is the remainder when 150 is divided by 41?
27
Calculate the remainder when 3355 is divided by 280.
275
What is the remainder when 75 is divided by 22?
9
Calculate the remainder when 766 is divided by 32.
30
What is the remainder when 12960 is divided by 87?
84
What is the remainder when 919 is divided by 917?
2
What is the remainder when 125 is divided by 70?
55
Calculate the remainder when 1621 is divided by 14.
11
Calculate the remainder when 2894 is divided by 113.
69
What is the remainder when 279 is divided by 70?
69
Calculate the remainder when 965 is divided by 126.
83
What is the remainder when 232 is divided by 39?
37
Calculate the remainder when 184 is divided by 70.
44
Calculate the remainder when 902 is divided by 91.
83
Calculate the remainder when 47 is divided by 7.
5
Calculate the remainder when 104 is divided by 67.
37
What is the remainder when 1027 is divided by 127?
11
Calculate the remainder when 9746 is divided by 130.
126
Calculate the remainder when 52 is divided by 37.
15
What is the remainder when 274 is divided by 41?
28
Calculate the remainder when 378 is divided by 64.
58
What is the remainder when 1260 is divided by 51?
36
Calculate the remainder when 278 is divided by 41.
32
Calculate the remainder when 263 is divided by 36.
11
Calculate the remainder when 699 is divided by 54.
51
What is the remainder when 33151 is divided by 56?
55
Calculate the remainder when 3021 is divided by 23.
8
What is the remainder when 63 is divided by 54?
9
What is the remainder when 963 is divided by 44?
39
What is the remainder when 282 is divided by 99?
84
Calculate the remainder when 278 is divided by 21.
5
What is the remainder when 1054 is divided by 22?
20
Calculate the remainder when 466 is divided by 52.
50
What is the remainder when 12740 is divided by 16?
4
What is the remainder when 1202 is divided by 28?
26
What is the remainder when 38 is divided by 26?
12
What is the remainder when 521 is divided by 58?
57
Calculate the remainder when 23 is divided by 7.
2
Calculate the remainder when 432 is divided by 31.
29
Calculate the remainder when 3893 is divided by 33.
32
Calculate the remainder when 573 is divided by 12.
9
What is the remainder when 235 is divided by 132?
103
Calculate the remainder when 749 is divided by 258.
233
Calculate the remainder when 2457 is divided by 30.
27
Calculate the remainder when 818 is divided by 251.
65
Calculate the remainder when 1252 is divided by 21.
13
Calculate the remainder when 52 is divided by 18.
16
What is the remainder when 62 is divided by 12?
2
Calculate the remainder when 1763 is divided by 83.
20
What is the remainder when 3036 is divided by 3016?
20
Calculate the remainder when 516 is divided by 47.
46
What is the remainder when 264 is divided by 38?
36
Calculate the remainder when 2075 is divided by 346.
345
Calculate the remainder when 177 is divided by 53.
18
Calculate the remainder when 303 is divided by 161.
142
Calculate the remainder when 18358 is divided by 136.
134
Calculate the remainder when 82 is divided by 23.
13
Calculate the remainder when 130 is divided by 19.
16
What is the remainder when 30795 is divided by 77?
72
Calculate the remainder when 165 is divided by 55.
0
Calculate the remainder when 741 is divided by 217.
90
Calculate the remainder when 1327 is divided by 35.
32
Calculate the remainder when 987 is divided by 139.
14
What is the remainder when 3006 is divided by 94?
92
What is the remainder when 1394 is divided by 19?
7
Calculate the remainder when 985 is divided by 69.
19
Calculate the remainder when 605 is divided by 297.
11
Calculate the remainder when 964 is divided by 29.
7
What is the remainder when 2293 is divided by 7?
4
What is the remainder when 473 is divided by 250?
223
What is the remainder when 140 is divided by 49?
42
Calculate the remainder when 90